63 + 232)?
-6
24 - (10 - (23 + -39))
-2
Evaluate 9 + (-1 - ((6 - 3) + -5 - 3)).
13
What is the value of 20 - (59 + 4 - (-18 - -21))?
-40
What is 0 + 12 + 72 + -81?
3
Calculate -3 + 11 - 3 - (9 - 1).
-3
What is -7 - 1 - (-466 - -439)?
19
What is -6 + -3 + (-4 - -7) + 9?
3
Calculate (-2 - (-33 + 22)) + 8.
17
Calculate -40 - (36 + -77) - (-1 - 9).
11
What is (4 - (4 - (-6 - -5))) + -7 - -2?
-6
(-17 - 1) + (-13 - (-18 - -17) - -22)
-8
What is -7 - ((-106 - -105) + (-1 - 3))?
-2
What is (-243 - -215) + -7 + 2?
-33
What is the value of -5 + 3 + 4 - (8 + -6)?
0
Evaluate (-10 + 7 - -2) + -6 + -2.
-9
What is -26 - -27 - (12 - -3)?
-14
Evaluate (-18 - -14) + (-3 - -1) + 12.
6
5 - (0 + -1) - (-2 - 0) - 3
5
Calculate 3 + -2 + 11 + (-1 - 28).
-17
-22 - (-27 + 66 - 38)
-23
-5 - (5 - (1 - -2))
-7
What is 2 - ((9 - 27) + 11) - (0 - 3)?
12
What is the value of (-3 - -1) + (5 + (8 - 15) - -14)?
10
-27 - ((19 - 36) + -35)
25
Calculate -12 + (9 - 0) + -2.
-5
What is the value of -16 + (-30 - -23 - -11)?
-12
What is the value of 6 - (-4 + -6 + 1 + -21 + 30)?
6
Evaluate -6 + (1 - -7 - (52 - 45)).
-5
What is the value of (-3 - 4 - -3) + 86 + -94?
-12
-8 - 3 - -2 - (9 - 13) - -1
-4
-41 - (6 - 31 - -6)
-22
Calculate (-16 - -9) + (5 - 3) + 20.
15
Calculate 22 + (-22 - (-11 - -3)) + (-1 - 4).
3
Evaluate 2 + 1 + -35 + 46.
14
Calculate (8 - 10 - 3 - (-3 - -1)) + 6.
3
What is 19 + 1 - (-96 + 48 - -64)?
4
2 + -6 + 2 + (-23 - (-33 - -11))
-3
What is the value of -3 + 5 + -11 + -14 + 17 - -15?
9
Calculate (-3 + -5 - 4) + -2 - 7.
-21
Calculate -1 + 6 + 10 - 5 - (-24 + 26).
8
Evaluate 1 + 1 + (-20 - -20) + -21 + 9.
-10
What is the value of -6 + 0 + 1 - -15?
10
What is -6 - 4 - (-4 + (-1 - 3))?
-2
What is the value of (-2 - (-5 - 1)) + -56 + 39?
-13
What is -17 + -5 + 28 - (-7 + 0)?
13
Calculate 3 - 5 - (1 + (7 - 13)).
3
Evaluate 8 + (12 - 3) + -7.
10
Calculate -3 + 11 + -23 - 4.
-19
Evaluate 6 - ((2 - -6) + -7) - (-4 + -6).
15
Evaluate (-3 - (45 - 36)) + 43.
31
What is 20 + (-51 - 7) + 24?
-14
Evaluate 14 - (11 - 1 - -9).
-5
Evaluate 3 - ((2 - 3) + (-1 - -2)) - -7.
10
Evaluate 12 - 8 - (-2 + 2 - 1).
5
Evaluate 0 - (0 + -4) - (509 - 492).
-13
Calculate -14 - 0 - (75 - 95).
6
Evaluate -12 - (-16 - 4) - (9 + -1).
0
Calculate -16 - -30 - 13 - 16.
-15
Evaluate (52 - 81) + (-4 + 6 - -9).
-18
What is (2 + 15 + -9 + -6 - 1) + 0?
1
What is the value of 20 + -6 + (-12 - -9)?
11
Calculate 21 + -6 + 3 + -8 + -5.
5
Calculate -35 - -26 - (2 - 12).
1
Calculate 31 + 7 - (123 - 108).
23
Evaluate 24 - (6 + -32 - -13) - 8.
29
Calculate 107 + -98 + (0 - -17) + -1.
25
Evaluate 37 - ((26 - 22) + 3).
30
What is -14 + -10 + (5 - (0 - 4))?
-15
What is the value of 1 - 22 - (175 + -187)?
-9
Calculate 1 - -10 - (198 - 187).
0
What is 13 + (36 - 39) + 14?
24
Evaluate -6 - 3 - -1 - (-2 - (-39 + 38)).
-7
Calculate -7 + (-7 - -1) + 11.
-2
Calculate -1 + -2 + (1 - -12) - (1236 + -1205).
-21
Calculate -8 + 2 + (5 + 33 - (10 + -2)).
24
Calculate -12 + 1 + (-7 - -11).
-7
What is the value of 42 - ((19 - (15 + 0)) + 10)?
28
What is 4 + 11 + -4 - 7?
4
Evaluate -21 + -4 - -3 - -3.
-19
(-1 - (-7 + 4)) + 4 + -18
-12
What is 22 + 1 + -41 + 99 + -73?
8
Calculate (7 - (17 + 8 + -2)) + 5.
-11
What is 72 + -37 + (-5 - 60)?
-30
Evaluate (14 - 2) + 17 + (34 - 68).
-5
What is the value of -20 + (1 - 12) + 2 + 19 + 0?
-10
-1 + (11 - 7) + -15
-12
Evaluate -2 + 12 - (-221 + 235).
-4
Calculate (21 - -1) + (-107 - -96).
11
Calculate (15 + 9 - -7) + -34.
-3
Evaluate -10 + (-14 - (-1 - (3 - -6))).
-14
Evaluate 32 - (-30 + (66 - 17)).
13
What is the value of -33 + 16 - -24 - -15?
22
Calculate 0 + -1 - (16 + -26).
9
What is -11 - (-16 + 33 + -16)?
-12
Calculate -5 - (12 - (0 + 26)).
9
What is the value of -1 + 0 + 2 - -25 - (5720 + -5712)?
18
Calculate 1 + -1 + 1 - (-940 + 935).
6
Calculate (2 - 4) + 0 - (-34 + (17 - -13)).
2
What is -22 + 1 + (-7 - (-28 + 12))?
-12
What is the value of 19 - 14 - (4 + -7 + 0)?
8
What is (-1 - -15) + (60 - 17) + -38?
19
What is (-4 - (11 - 25)) + 1 - -1?
12
What is (30 - 15) + (6 - 1) + 10 + -10?
20
(5 - 1) + (23 - (16 - 4))
15
What is -15 - ((9 + -9 - (-2 + -3)) + -5)?
-15
(-7 - (-5 + 4 + -5) - 5) + 6
0
Evaluate -4 + -7 - (-2 + 3 - 5).
-7
What is the value of (0 + 4 - -4) + 5 + 3?
16
What is the value of -6 + -8 + 5 + -4 - (10 - 7)?
-16
What is the value of 23 - (33 + -9 + -5)?
4
What is -5 - (-15 + 17 + -2)?
-5
-11 - (0 + -2 + 1 - (66 - 68))
-12
(-4 - (36 + -44 - (-6 + 0))) + -8
-10
What is -3 + -5 + (7 - (-1 - -10))?
-10
Calculate 17 + -10 - (10 - 5).
2
-15 + (51 - 26) - (11 + -1)
0
What is -4 - -1 - -12 - (63 + -28 + -60)?
34
-2 + 12 + -2 + -12
-4
-13 + (4 - -22 - 12 - 22)
-21
Calculate -1 + -8 - (98 + -95) - (-6 + 2).
-8
Calculate 3 + (-5 - (1 + 1 + 3 - 0)).
-7
What is -24 + (26 - (6 - 22))?
18
Calculate 5 - 7 - (2 - 22) - 6.
12
What is 1 - -2 - (0 - (-10 - -3))?
-4
What is (-5 - (-5 - 1)) + 3 - -12?
16
What is 29 + 5 + -37 + 2 + 0 + 0?
-1
What is 30 + -25 + -16 + 6?
-5
Calculate -32 - (-5 - 33) - (-1 - (-1 + 3)).
9
What is the value of (3 - -1) + (653 - 631)?
26
(-36 - (41 - 61)) + (-6 - 1)
-23
What is the value of -16 - (-3 + -20 + 14)?
-7
Calculate 1 + 4 + (-7 + -17 + 20 - -11).
12
Calculate -132 + 109 - (-9 + -35).
21
Evaluate (-9 - 12) + 33 + 0 + 5.
17
Evaluate -4 + 1 + 89 + -74 + (-1 - 4).
7
(-6 - (-8 - -4)) + (-22 - (10 - 1))
-33
Calculate 20 - ((-38 - -9) + 27).
22
What is 11 + 4 + -10 + (2 - -8)?
15
What is (8 - 1) + 8 + -48 - -16?
-17
-5 - ((5 - 17) + (-5 - -10) + 4)
-2
What is the value of 18 - (44 - 19) - 7?
-14
What is -6 - (27 - (-13 + -6 + 38))?
-14
Evaluate 2 + -1 + 6 + (-42 - -42) - -9.
16
Calculate (8 - 3) + -8 + 1 + 1.
-1
What is the value of 9 - 27 - (-1 + -26)?
9
What is 9 + -33 + 80 - 33?
23
What is the value of 58 - (22 + -41 + 53)?
24
Evaluate 1113 + -1102 + (-24 + 0 - 1).
-14
What is the value of (4 - -3) + -15 - (-8 - -23)?
-23
What is the value of -7 - -1 - (-27 + 8)?
13
Calculate -8 + 10 + -20 + 8 - 0.
-10
Evaluate -3119 - -3134 - (6 + -1 + 2 + -1).
9
Evaluate -8 + (-8 - -10) + 8 - (-9 - -1).
10
What is the value of -1 + 2 + 0 - (97 - 88)?
-8
(-4 + -6 - -4) + (4 - -1)
-1
Evaluate (25 - 37) + (-1 - (-4 + 3 + -2)).
-10
29 + -26 + (-1 + 5 - (-5 + 12))
0
5 - -59 - (-46 + 71)
39
Calculate 17 + (-9 + 0 - 6) - -8.
10
What is -10 + (14 - -43 - 28)?
19
What is the value of 0 + -8 + -6 - (46 + -42)?
-18
27 - ((27 - 20) + 39)
-19
What is the value of -4 + (-8 + (15 - (11 - 4)) - 13)?
-17
5 - (-9 + 29 + 0 + 0 - 9)
-6
-2 - ((8 - 7) + (5 - 2))
-6
Calculate 26 + -36 + (-11 - -20).
-1
Calculate (0 - 23) + (14 - -5).
-4
-1 + 0 + (-42 + 0 - -24) + -9
-28
Evaluate 15 - (-3 + 3 - -3) - (20 - 13).
5
Evaluate (14 - (-11 + 19)) + (-11 - (1 + 0)).
-6
Evaluate 3 - 4 - (3 - ((-1 - -5) + -2)).
-2
Calculate (5 - (6 - 10)) + -17.
-8
Evaluate 25 + (-17 - (-24 - -43)).
-11
Evaluate 5 - ((-1 - -16) + -3 + 2 + 3).
-12
What is the value of 4 + (6 - (-19 - -5))?
24
What is the value of (-42 - -34) + (15 - 1 - 3)?
3
Calculate (1 + 4 - 8 - (5 + -12)) + 2.
6
Evaluate (15 - (16 + -7)) + 0 + 2.
8
What is the value of (-59 - -64) + 1 + 0 + -1?
5
(-113 - -109) + 13 + -17 + 1 + 10
3
What is 26 + 0 - (133 + -120)?
13
What is the value of 0 + 2 + 3 + (-66 - -75)?
14
What is the value of -155 + 145 + 1 + 14?
5
What is the value of -17 - (-22 + 3 - -34)?
-32
Evaluate 6 + 2 - 17 - (-23 + (16 - 6)).
4
Evaluate -10 - -9 - (-16 + 4).
11
Evaluate 5 - (-18 + 12 + 23).
-12
What is the value of -17 - (-2 + -2 + -28)?
15
What is the value of 8 - (-19 - -25) - (-6 - -25)?
-17
Evaluate 13 + -4 + -18 + -1.
-10
What is (9 - 5) + -17 + 2?
-11
What is the value of (67 + -59 - -1) + (0 - -2 - 32)?
-21
Evaluate 185 - 185 - (-1 + -13).
14
Evaluate -11 + (18 - 11) + 10.
6
Calculate -224 - -218 - (1 - (-1 - -1)) - -28.
21
1 + (15 + -1 - 15)
0
Calculate -1 + ((4 - -8) + -14 - -12).
9
What is the value of -51 + 34 + (3 - -9)?
-5
-254 + 220 + -2 + 20
-16
What is (-5 - -12 - 3 - (-10 + -5)) + -4?
15
Calculate 4 + -10 + 5 + (1 + -2 - -7).
5
Evaluate -9 + -3 + 6 + -4 + 0 + -11.
-21
3 + -4 + 4 - ((1 - 18) + 8)
12
What is -27 + (-6 + 1 - ((22 - 5) + -25))?
-24
Evaluate 7 + (1 + -4 - -8).
12
Evaluate 2 + -7 + (-2 + -1 - -12).
4
18 - 20 - 4 - (3 - 2 - -1)
-8
Calculate -3 - (16 + -9 - 4).
-6
What is the value of 1 - (1 - (22 + (-4 - 1) + -6